{"id":334,"date":"2018-11-18T09:56:26","date_gmt":"2018-11-18T09:56:26","guid":{"rendered":"http:\/\/pluginspoint.com\/dustrial\/?page_id=334"},"modified":"2024-06-20T21:59:53","modified_gmt":"2024-06-20T22:59:53","slug":"sobre-nos","status":"publish","type":"page","link":"https:\/\/ingt.gov.cv\/ingt\/sobre-nos\/","title":{"rendered":"Sobre N\u00f3s"},"content":{"rendered":"<p>[vc_row css=&#8221;.vc_custom_1545996764528{padding-top: 60px !important;padding-bottom: 79px !important;}&#8221;][vc_column width=&#8221;1\/2&#8243; css=&#8221;.vc_custom_1545815615488{padding-top: 40px !important;}&#8221;][vc_tta_accordion][vc_tta_section title=&#8221;Miss\u00e3o&#8221; tab_id=&#8221;1545815887786-0c10bad3-b8fb&#8221;][vc_column_text]Zelar pela boa organiza\u00e7\u00e3o do territ\u00f3rio visando a melhoria da qualidade de vida das pessoas.[\/vc_column_text][\/vc_tta_section][vc_tta_section title=&#8221;Dom\u00ednios&#8221; tab_id=&#8221;1545815887826-875bdcbf-c4ed&#8221;][vc_column_text]Ordenamento do territ\u00f3rio e planeamento urban\u00edstico, Cadastro predial, Cartografia e geodesia e Infraestruturas de Dados Espaciais de Cabo Verde (IDE-CV).[\/vc_column_text][\/vc_tta_section][vc_tta_section title=&#8221;Valores&#8221; tab_id=&#8221;1545815942751-5c8b5562-0b83&#8243;][vc_column_text]Compromisso, \u00c9tica, Excel\u00eancia e Solidariedade.[\/vc_column_text][\/vc_tta_section][vc_tta_section title=&#8221;Objetivos Horizonte 2030&#8243; tab_id=&#8221;1574706098222-03c3a81c-e9cc&#8221;][vc_column_text]<\/p>\n<ol>\n<li>\n<p class=\"m_263896527805080832MsoListParagraph\">Estrutura organizacional interna forte, consolidada e com todos os instrumentos de gest\u00e3o operacionais.<\/p>\n<\/li>\n<li>\n<p class=\"m_263896527805080832MsoListParagraph\">Sustentabilidade e autonomia financeira da institui\u00e7\u00e3o assegurada<\/p>\n<\/li>\n<li>\n<p class=\"m_263896527805080832MsoListParagraph\"><u><\/u>Mecanismos de seguimento e avalia\u00e7\u00e3o dos Instrumentos de Gest\u00e3o do Territ\u00f3rio (IGT) implementados.<\/p>\n<\/li>\n<li>\n<p class=\"m_263896527805080832MsoListParagraph\"><u><\/u><u><\/u><u><\/u>Todas as ilhas de Cabo Verde cadastradas.<\/p>\n<\/li>\n<li>\n<p class=\"m_263896527805080832MsoListParagraph\">Todos os munic\u00edpios do pa\u00eds com os seus Planos Diretores Municipais (PDM) aprovados.<\/p>\n<\/li>\n<li>\n<p class=\"m_263896527805080832MsoListParagraph\">Rela\u00e7\u00f5es institucionais nacionais e internacionais consolidadas com os parceiros de interesse.<\/p>\n<\/li>\n<li>\n<p class=\"m_263896527805080832MsoListParagraph\">Todo o quadro jur\u00eddico do setor do ordenamento do territ\u00f3rio regulamentado.<\/p>\n<\/li>\n<li>\n<p class=\"m_263896527805080832MsoListParagraph\">Ter as ilhas j\u00e1 cadastradas com o sistema de gest\u00e3o do cadastro plenamente operacional.<\/p>\n<\/li>\n<li>\n<p class=\"m_263896527805080832MsoListParagraph\">A cartografia nacional atualizada.<\/p>\n<\/li>\n<li>\n<p class=\"m_263896527805080832MsoListParagraph\">Todos as Zonas de Desenvolvimento Tur\u00edstico Integral (ZDTI) com os seus Planos de Ordenamento Tur\u00edstico (POT) elaborados.<\/p>\n<\/li>\n<li>\n<p class=\"m_263896527805080832MsoListParagraph\">Todos os Planos de Ordenamento da Orla Costeira (POOC) das ilhas elaborados<\/p>\n<\/li>\n<\/ol>\n<p>[\/vc_column_text][\/vc_tta_section][\/vc_tta_accordion][\/vc_column][vc_column css_animation=&#8221;fadeInUp&#8221; width=&#8221;1\/2&#8243; el_class=&#8221;about-faq&#8221; css=&#8221;.vc_custom_1545996747838{padding-top: 40px !important;padding-bottom: 15px !important;}&#8221;][vc_row_inner][vc_column_inner width=&#8221;1\/2&#8243;][vc_single_image image=&#8221;2193&#8243; img_size=&#8221;full&#8221; alignment=&#8221;center&#8221; css_animation=&#8221;fadeIn&#8221; css=&#8221;.vc_custom_1572867787161{margin-bottom: 25px !important;}&#8221;][\/vc_column_inner][vc_column_inner width=&#8221;1\/2&#8243;][vc_single_image image=&#8221;2194&#8243; img_size=&#8221;full&#8221; alignment=&#8221;center&#8221; css_animation=&#8221;fadeIn&#8221; css=&#8221;.vc_custom_1572867795561{margin-bottom: 25px !important;}&#8221;][\/vc_column_inner][\/vc_row_inner][vc_column_text css_animation=&#8221;fadeInUp&#8221; css=&#8221;.vc_custom_1574167593913{margin-bottom: 0px !important;}&#8221;]<\/p>\n<h3 class=\"about-right-title\">Zelando para uma gest\u00e3o sustent\u00e1vel do territ\u00f3rio municipal e nacional.<\/h3>\n<p>[\/vc_column_text][\/vc_column][\/vc_row][vc_row css=&#8221;.vc_custom_1575146722478{padding-top: 35px !important;}&#8221;][vc_column]\n    <div class=\" dustrial-stitle-69e3206a47460 section-title  wow fadeIn\">\n      <div class=\"section-thumb\"><img decoding=\"async\" src=\"https:\/\/ingt.gov.cv\/ingt\/wp-content\/uploads\/2019\/10\/icone_ingt2_64.png\" alt=\"title icon\"><\/div>\n      <div class=\"section-body\">\n        <h6 class=\"sub-title activeColor\">Conhe\u00e7a o nosso website<\/h6>\n        <h3 class=\"m-0 main-title\">Atalhos<\/h3>\n      <\/div>\n    <\/div>\n\n  [\/vc_column][\/vc_row][vc_row css=&#8221;.vc_custom_1545817645391{padding-bottom: 39px !important;}&#8221;][vc_column width=&#8221;1\/3&#8243; css=&#8221;.vc_custom_1545817426227{padding-bottom: 50px !important;}&#8221;]\n    <div class=\"dustrial-picons-69e3206a477f3  media wow fadeInUp\">\n            <div class=\"company-icon\">\n        <i class=\"fa fa-map-o\"><\/i>\n      <\/div>\n            <div class=\"media-body\">\n        <div>\n          <h6 class=\"mb-1 sub-title\"><a href=\"http:\/\/ingt.gov.cv\/site\/Servi%C3%A7os\/idecv\/\" >IDECV<\/a><\/h6>\n          <p class=\"m-0\">Infraestruturas de Dados Espaciais de Cabo Verde.<\/p>\n        <\/div>\n      <\/div>\n          <\/div>\n    \n  \n  \n    <div class=\"dustrial-picons-69e3206a47821  media wow fadeInUp\">\n            <div class=\"company-icon\">\n        <i class=\"fa fa-folder-open-o\"><\/i>\n      <\/div>\n            <div class=\"media-body\">\n        <div>\n          <h6 class=\"mb-1 sub-title\"><a href=\"http:\/\/ingt.gov.cv\/site\/documentos\/#31-legislacao-e-norms-tecnicas\">Legisla\u00e7\u00e3o<\/a><\/h6>\n          <p class=\"m-0\">Documentos de Legisla\u00e7\u00e3o e Normas T\u00e9cnicas da INGT.<\/p>\n        <\/div>\n      <\/div>\n          <\/div>\n    \n  \n  \n    <div class=\"dustrial-picons-69e3206a47841  media wow fadeInUp\">\n            <div class=\"company-icon\">\n        <i class=\"fa fa-files-o\"><\/i>\n      <\/div>\n            <div class=\"media-body\">\n        <div>\n          <h6 class=\"mb-1 sub-title\"><a href=\"http:\/\/ingt.gov.cv\/site\/documentos\/#32-concursos\">Concursos<\/a><\/h6>\n          <p class=\"m-0\">Consulte os concursos da INGT para mais informa\u00e7\u00f5es.<\/p>\n        <\/div>\n      <\/div>\n          <\/div>\n    \n  \n  [\/vc_column][vc_column width=&#8221;1\/3&#8243; css=&#8221;.vc_custom_1545817438068{padding-bottom: 50px !important;}&#8221;]\n    <div class=\"dustrial-picons-69e3206a4785c  media wow fadeInUp\">\n            <div class=\"company-icon\">\n        <i class=\"fa fa-cogs\"><\/i>\n      <\/div>\n            <div class=\"media-body\">\n        <div>\n          <h6 class=\"mb-1 sub-title\"><a href=\"http:\/\/ingt.gov.cv\/site\/servicos\/\">Servi\u00e7os<\/a><\/h6>\n          <p class=\"m-0\">Consulte os servi\u00e7os disponibilizados pela INGT.<\/p>\n        <\/div>\n      <\/div>\n          <\/div>\n    \n  \n  \n    <div class=\"dustrial-picons-69e3206a47877  media wow fadeInUp\">\n            <div class=\"company-icon\">\n        <i class=\"fa fa-folder-open-o\"><\/i>\n      <\/div>\n            <div class=\"media-body\">\n        <div>\n          <h6 class=\"mb-1 sub-title\"><a href=\"http:\/\/ingt.gov.cv\/site\/documentos\/\">Documenta\u00e7\u00e3o<\/a><\/h6>\n          <p class=\"m-0\">Consulte toda a documenta\u00e7\u00e3o da INGT disponibilizada online.<\/p>\n        <\/div>\n      <\/div>\n          <\/div>\n    \n  \n  \n    <div class=\"dustrial-picons-69e3206a47890  media wow fadeInUp\">\n            <div class=\"company-icon\">\n        <i class=\"fa fa-briefcase\"><\/i>\n      <\/div>\n            <div class=\"media-body\">\n        <div>\n          <h6 class=\"mb-1 sub-title\"><a href=\"http:\/\/ingt.gov.cv\/site\/projectos\/\">Projectos<\/a><\/h6>\n          <p class=\"m-0\">Conhe\u00e7a os projectos da INGT.<\/p>\n        <\/div>\n      <\/div>\n          <\/div>\n    \n  \n  [\/vc_column][vc_column width=&#8221;1\/3&#8243;]\n    <div class=\"dustrial-picons-69e3206a478a8  media wow fadeInUp\">\n            <div class=\"company-icon\">\n        <i class=\"fa fa-file-pdf-o\"><\/i>\n      <\/div>\n            <div class=\"media-body\">\n        <div>\n          <h6 class=\"mb-1 sub-title\"><a href=\"http:\/\/ingt.gov.cv\/site\/documentos\/#35-estudos\">Estudos<\/a><\/h6>\n          <p class=\"m-0\">Estudos da INGT.<\/p>\n        <\/div>\n      <\/div>\n          <\/div>\n    \n  \n  \n    <div class=\"dustrial-picons-69e3206a478bf  media wow fadeInUp\">\n            <div class=\"company-icon\">\n        <i class=\"fa fa-newspaper-o\"><\/i>\n      <\/div>\n            <div class=\"media-body\">\n        <div>\n          <h6 class=\"mb-1 sub-title\"><a href=\"http:\/\/ingt.gov.cv\/site\/blog\/\">Not\u00edcias<\/a><\/h6>\n          <p class=\"m-0\">Arquivo de not\u00edcias da INGT.<\/p>\n        <\/div>\n      <\/div>\n          <\/div>\n    \n  \n  \n    <div class=\"dustrial-picons-69e3206a478d8  media wow fadeInUp\">\n            <div class=\"company-icon\">\n        <i class=\"fa fa-file-pdf-o\"><\/i>\n      <\/div>\n            <div class=\"media-body\">\n        <div>\n          <h6 class=\"mb-1 sub-title\"><a href=\"http:\/\/ingt.gov.cv\/site\/documentos\/#34-relatorios\">Relat\u00f3rios<\/a><\/h6>\n          <p class=\"m-0\">Consulte os relat\u00f3rios da INGT.<\/p>\n        <\/div>\n      <\/div>\n          <\/div>\n    \n  \n  [\/vc_column][\/vc_row][vc_row][vc_column css=&#8221;.vc_custom_1542536931733{padding-right: 0px !important;padding-left: 0px !important;}&#8221;]\n  <script>\n    jQuery(document).ready(function($) {\n      $(\"#client-carousel-items0b1d5a95be6cc74ab678d402fd749d90\").owlCarousel({\n        loop: true,\n        margin: 30,\n        responsiveClass: true,\n        navigation: true,\n        navText: [\"<i class='fa fa-angle-left'><\/i>\", \"<i class='fa fa-angle-right'><\/i>\"],\n        nav: false,\n        items: 6,\n        smartSpeed: 1000,\n        dots: true,\n        autoplay: false,\n        mouseDrag:true,\n        autoplayTimeout: 4000,\n        center: false,\n        responsive: {\n            0: {\n                items: 2            },\n            480: {\n                items: 3            },\n            760: {\n                items: 6            }\n        }\n      });\n    });\n  <\/script>\n\n  <div id=\"client-carousel-items0b1d5a95be6cc74ab678d402fd749d90\" class=\"owl-carousel\">\n          <div class=\"client-logo-table\">\n        <div class=\"client-logo-tablecell\">\n          <img decoding=\"async\" src=\"https:\/\/ingt.gov.cv\/ingt\/wp-content\/uploads\/2019\/11\/CMT.jpg\" alt=\"sponsored-img\">\n        <\/div>\n      <\/div>\n          <div class=\"client-logo-table\">\n        <div class=\"client-logo-tablecell\">\n          <img decoding=\"async\" src=\"https:\/\/ingt.gov.cv\/ingt\/wp-content\/uploads\/2019\/11\/CMSLO.jpg\" alt=\"sponsored-img\">\n        <\/div>\n      <\/div>\n          <div class=\"client-logo-table\">\n        <div class=\"client-logo-tablecell\">\n          <img decoding=\"async\" src=\"https:\/\/ingt.gov.cv\/ingt\/wp-content\/uploads\/2019\/11\/CMSD.jpg\" alt=\"sponsored-img\">\n        <\/div>\n      <\/div>\n          <div class=\"client-logo-table\">\n        <div class=\"client-logo-tablecell\">\n          <img decoding=\"async\" src=\"https:\/\/ingt.gov.cv\/ingt\/wp-content\/uploads\/2019\/11\/CMSCF.jpg\" alt=\"sponsored-img\">\n        <\/div>\n      <\/div>\n          <div class=\"client-logo-table\">\n        <div class=\"client-logo-tablecell\">\n          <img decoding=\"async\" src=\"https:\/\/ingt.gov.cv\/ingt\/wp-content\/uploads\/2019\/11\/CMSC.jpg\" alt=\"sponsored-img\">\n        <\/div>\n      <\/div>\n          <div class=\"client-logo-table\">\n        <div class=\"client-logo-tablecell\">\n          <img decoding=\"async\" src=\"https:\/\/ingt.gov.cv\/ingt\/wp-content\/uploads\/2019\/11\/CMS.jpg\" alt=\"sponsored-img\">\n        <\/div>\n      <\/div>\n          <div class=\"client-logo-table\">\n        <div class=\"client-logo-tablecell\">\n          <img decoding=\"async\" src=\"https:\/\/ingt.gov.cv\/ingt\/wp-content\/uploads\/2019\/11\/CMRGS.jpg\" alt=\"sponsored-img\">\n        <\/div>\n      <\/div>\n          <div class=\"client-logo-table\">\n        <div class=\"client-logo-tablecell\">\n          <img decoding=\"async\" src=\"https:\/\/ingt.gov.cv\/ingt\/wp-content\/uploads\/2019\/11\/INE.jpg\" alt=\"sponsored-img\">\n        <\/div>\n      <\/div>\n          <div class=\"client-logo-table\">\n        <div class=\"client-logo-tablecell\">\n          <img decoding=\"async\" src=\"https:\/\/ingt.gov.cv\/ingt\/wp-content\/uploads\/2019\/11\/IFH.jpg\" alt=\"sponsored-img\">\n        <\/div>\n      <\/div>\n          <div class=\"client-logo-table\">\n        <div class=\"client-logo-tablecell\">\n          <img decoding=\"async\" src=\"https:\/\/ingt.gov.cv\/ingt\/wp-content\/uploads\/2019\/11\/MIOTH.jpg\" alt=\"sponsored-img\">\n        <\/div>\n      <\/div>\n          <div class=\"client-logo-table\">\n        <div class=\"client-logo-tablecell\">\n          <img decoding=\"async\" src=\"https:\/\/ingt.gov.cv\/ingt\/wp-content\/uploads\/2019\/11\/nosi.jpg\" alt=\"sponsored-img\">\n        <\/div>\n      <\/div>\n          <div class=\"client-logo-table\">\n        <div class=\"client-logo-tablecell\">\n          <img decoding=\"async\" src=\"https:\/\/ingt.gov.cv\/ingt\/wp-content\/uploads\/2019\/11\/UNICV.jpg\" alt=\"sponsored-img\">\n        <\/div>\n      <\/div>\n          <div class=\"client-logo-table\">\n        <div class=\"client-logo-tablecell\">\n          <img decoding=\"async\" src=\"https:\/\/ingt.gov.cv\/ingt\/wp-content\/uploads\/2019\/11\/RNI.jpg\" alt=\"sponsored-img\">\n        <\/div>\n      <\/div>\n          <div class=\"client-logo-table\">\n        <div class=\"client-logo-tablecell\">\n          <img decoding=\"async\" src=\"https:\/\/ingt.gov.cv\/ingt\/wp-content\/uploads\/2019\/11\/CMRB.jpg\" alt=\"sponsored-img\">\n        <\/div>\n      <\/div>\n          <div class=\"client-logo-table\">\n        <div class=\"client-logo-tablecell\">\n          <img decoding=\"async\" src=\"https:\/\/ingt.gov.cv\/ingt\/wp-content\/uploads\/2019\/11\/CMM.jpg\" alt=\"sponsored-img\">\n        <\/div>\n      <\/div>\n          <div class=\"client-logo-table\">\n        <div class=\"client-logo-tablecell\">\n          <img decoding=\"async\" src=\"https:\/\/ingt.gov.cv\/ingt\/wp-content\/uploads\/2019\/11\/CMBV.jpg\" alt=\"sponsored-img\">\n        <\/div>\n      <\/div>\n      <\/div>\n[\/vc_column][\/vc_row][vc_row full_width=&#8221;stretch_row&#8221; css=&#8221;.vc_custom_1718923635418{padding-top: 75px !important;padding-bottom: 80px !important;background-image: url(https:\/\/ingt.gov.cv\/site\/wp-content\/uploads\/2019\/10\/orto-e1571942482304.jpg?id=2194) !important;background-position: center !important;background-repeat: no-repeat !important;background-size: cover !important;}&#8221; el_class=&#8221;call-to-action bg-black-overlay&#8221;][vc_column css=&#8221;.vc_custom_1574765186179{padding-right: 0px !important;padding-left: 0px !important;background-position: center !important;background-repeat: no-repeat !important;background-size: cover !important;}&#8221;]\n  <div class=\"call-to-action-sections\">\n    <div class=\"call_to_action_title text-center wow fadeInUp\">\n      <h2>Contacte-nos para mais informa\u00e7\u00f5es<\/h2>\n      <p>A INGT est\u00e1 sempre dispon\u00edvel para esclarecer aos cidad\u00e3os eventuais d\u00favidas ou facilitar o acesso a documentos de interesse p\u00fablico.<\/p>\n    <\/div>\n    <div class=\"call_to_action_btns wow fadeInUp\">\n      <a href=\"https:\/\/ingt.gov.cv\/ingt\/contacto\/\" class=\"btn call_to_action_btn\">Contacte-Nos<\/a>\n    <\/div>\n  <\/div>\n\n[\/vc_column][\/vc_row]<\/p>\n","protected":false},"excerpt":{"rendered":"<p>[vc_row css=&#8221;.vc_custom_1545996764528{padding-top: 60px !important;padding-bottom: 79px !important;}&#8221;][vc_column width=&#8221;1\/2&#8243; css=&#8221;.vc_custom_1545815615488{padding-top: 40px !important;}&#8221;][vc_tta_accordion][vc_tta_section title=&#8221;Miss\u00e3o&#8221; tab_id=&#8221;1545815887786-0c10bad3-b8fb&#8221;][vc_column_text]Zelar pela boa organiza\u00e7\u00e3o do territ\u00f3rio visando a melhoria da qualidade de vida das pessoas.[\/vc_column_text][\/vc_tta_section][vc_tta_section title=&#8221;Dom\u00ednios&#8221; tab_id=&#8221;1545815887826-875bdcbf-c4ed&#8221;][vc_column_text]Ordenamento do territ\u00f3rio e planeamento urban\u00edstico, Cadastro predial, Cartografia e geodesia e Infraestruturas de Dados Espaciais de Cabo Verde (IDE-CV).[\/vc_column_text][\/vc_tta_section][vc_tta_section title=&#8221;Valores&#8221; tab_id=&#8221;1545815942751-5c8b5562-0b83&#8243;][vc_column_text]Compromisso, \u00c9tica, Excel\u00eancia e Solidariedade.[\/vc_column_text][\/vc_tta_section][vc_tta_section title=&#8221;Objetivos Horizonte [&hellip;]<\/p>\n","protected":false},"author":1,"featured_media":0,"parent":0,"menu_order":0,"comment_status":"closed","ping_status":"closed","template":"page-template\/blank-page-sidebar.php","meta":{"_monsterinsights_skip_tracking":false,"_monsterinsights_sitenote_active":false,"_monsterinsights_sitenote_note":"","_monsterinsights_sitenote_category":0,"footnotes":""},"jetpack_sharing_enabled":true,"_links":{"self":[{"href":"https:\/\/ingt.gov.cv\/ingt\/wp-json\/wp\/v2\/pages\/334"}],"collection":[{"href":"https:\/\/ingt.gov.cv\/ingt\/wp-json\/wp\/v2\/pages"}],"about":[{"href":"https:\/\/ingt.gov.cv\/ingt\/wp-json\/wp\/v2\/types\/page"}],"author":[{"embeddable":true,"href":"https:\/\/ingt.gov.cv\/ingt\/wp-json\/wp\/v2\/users\/1"}],"replies":[{"embeddable":true,"href":"https:\/\/ingt.gov.cv\/ingt\/wp-json\/wp\/v2\/comments?post=334"}],"version-history":[{"count":40,"href":"https:\/\/ingt.gov.cv\/ingt\/wp-json\/wp\/v2\/pages\/334\/revisions"}],"predecessor-version":[{"id":3423,"href":"https:\/\/ingt.gov.cv\/ingt\/wp-json\/wp\/v2\/pages\/334\/revisions\/3423"}],"wp:attachment":[{"href":"https:\/\/ingt.gov.cv\/ingt\/wp-json\/wp\/v2\/media?parent=334"}],"curies":[{"name":"wp","href":"https:\/\/api.w.org\/{rel}","templated":true}]}}